*x - 34*x - 868 = 0. What is the remainder when p is divided by 32?
23
What is the remainder when (3 - 57)/3*5/(-3) is divided by 6?
0
Suppose -2*w + 3 = -3. Suppose 0 = -4*b - 7 - 1. What is the remainder when b/(-6)*w - -46 is divided by 12?
11
Suppose x + m - 48 = 0, m + 173 = 3*x + 21. What is the remainder when 247 is divided by x?
47
Let b = 139 - 81. Suppose 5*l = b + 17. Suppose 0 = 4*x - 0*x - 112. What is the remainder when x is divided by l?
13
Calculate the remainder when 102 is divided by -5 + (0 - (-200)/5).
32
Let u = -57 + 61. Suppose u*l - 9*l + 185 = 0. Calculate the remainder when l is divided by 19.
18
Let a(l) = 38*l - 304. Calculate the remainder when 180 is divided by a(9).
28
Suppose 4*c = 42 + 50. Suppose -5*i = -206 + 166. Calculate the remainder when c is divided by i.
7
Calculate the remainder when (-31)/(-62)*(-4)/8*-332 is divided by 6.
5
Suppose -2*a = 2*c - 86, 0 = -4*a + 4*c + 241 - 45. Calculate the remainder when a is divided by 16.
14
Let c(h) = -14*h - 43. Suppose -3 = -3*d - 3*g - 12, 0 = -3*d - 5*g + 1. Calculate the remainder when c(d) is divided by 8.
5
Calculate the remainder when (-108)/(-30) + -4 + (-748)/(-20) is divided by 28.
9
Suppose 199 = 18*n - 53. What is the remainder when n is divided by 8?
6
Let g(r) = -2*r - 15. Let f(j) = 2 - 2*j**3 - 5*j**2 + 16*j - 4*j**3 + 5*j**3. Let p be f(-7). What is the remainder when g(p) is divided by 6?
3
Let o = -419 - -539. What is the remainder when o is divided by 18?
12
Calculate the remainder when (190/57)/(1/18) is divided by 23.
14
Calculate the remainder when (-5094)/(-21) - 12/21 is divided by 41.
37
Let c(l) = 4*l + 1. Let p be (-4)/(-6) + (-2)/(-6). Calculate the remainder when (-11 - -9) + 26*p is divided by c(1).
4
Suppose 0 = -5*u - 2*y + 12, u + 7 = 4*u + y. What is the remainder when 10 is divided by u/10 + (-190)/(-50)?
2
Suppose 7*q - 1689 - 19 = 0. Calculate the remainder when q is divided by 59.
8
Let b = 30 - 24. Suppose 3*q = 12 + b. Suppose 2*x = 9 + 21. What is the remainder when x is divided by q?
3
Let l(r) = -2*r**3 - 7*r**2 - 11*r - 50. Calculate the remainder when l(-5) is divided by 59.
21
Suppose 0 = b + 3*b - 192. Suppose 0*o + b = 3*o. Calculate the remainder when 94 is divided by o.
14
Suppose 6*s - 168 = -48. Let u = -3 + s. Suppose -28 = -b - 2*b - 5*n, -2*b = 3*n - 18. Calculate the remainder when u is divided by b.
5
Let l(k) = k**2 + 2*k - 6. Let g(h) = h**2 + 5*h - 23. Let v be g(4). Suppose 0 = -v*d + 12*d + 6. Calculate the remainder when l(5) is divided by d.
5
Let n be (10/14)/((-3)/(-21)). Suppose p - 5*p - 2*a + 154 = 0, 0 = 5*p - n*a - 215. What is the remainder when p is divided by 14?
12
Suppose 0 = 11*x - 184 + 30. Suppose 4*v - 3*s = 3, 4*v + 0 - 4 = 4*s. Suppose v = -r - x + 25. What is the remainder when 42 is divided by r?
9
Suppose -n = -5, 5*n - 20 = 6*w - w. Calculate the remainder when 28/w - (2 + 0) is divided by (6 + -9)*(-14)/3.
12
Suppose -3*l + 118*u = 120*u - 116, -4*l - 5*u + 164 = 0. Calculate the remainder when 215 is divided by l.
35
Suppose 4*y + 13 = b + 8*y, b + y - 7 = 0. Suppose 10 = 2*j + 4*v, 4*j + b*v + 10 = 9*j. Calculate the remainder when 19 is divided by j.
1
Let g = -236 + 333. What is the remainder when g is divided by 33?
31
Suppose -15 = 3*o + 2*a, -a + 23 = -5*o - 5*a. Let h(y) = -y**2 - 6*y + 12. What is the remainder when 16 is divided by h(o)?
1
Let f(y) = y**3 - 10*y**2 + 2*y - 13. Let w = -13 - -23. Suppose 0 = -5*j + 5*u + 120, 3*u - 65 = -4*j + 52. Calculate the remainder when j is divided by f(w).
6
Suppose -6*j + 24 = -0*j. Suppose 2*h + 54 = 3*a, a - 5*h - 27 - j = 0. Let r = 15 + -9. What is the remainder when a is divided by r?
4
Let s(d) = -9*d**3 - 3*d**2 - 3*d - 4. Let z be s(-2). Let q = -48 + z. Calculate the remainder when 67 is divided by q.
11
Let l(y) = y**2 + 16*y - 91. Let n(z) = -z. What is the remainder when l(-21) is divided by n(-3)?
2
Suppose -96*s = -106*s + 1220. Calculate the remainder when s is divided by 21.
17
Suppose -625 = -5*t - 5*g, 5*t + 3*g - 7*g - 652 = 0. What is the remainder when t is divided by 52?
24
Let h = -353 + 237. Let x = h - -163. Suppose -5*s = p - 48, -50*p = s - 49*p - 8. Calculate the remainder when x is divided by s.
7
Suppose 6*i - 4*i = 3*b + 31, -2*i + 41 = -5*b. What is the remainder when (-2)/(-7) - (-92)/(-28) - (-64 - -47) is divided by i?
6
Let g = -834 - -878. What is the remainder when g is divided by 6?
2
Suppose -2*i + 3*h + 29 + 10 = 0, -5*i - h + 72 = 0. What is the remainder when 1091 is divided by i?
11
What is the remainder when 46 is divided by 2 + 3 + (-4 - -1) - -10?
10
Suppose 5*j - 4 - 1 = 5*x, 0 = x - 2*j - 2. Let r be x*(-4)/8 + -4. Calculate the remainder when (-1180)/(-50) + r/(-5) is divided by 13.
11
Let q(p) = 37*p - 1. Suppose -g + 2*a = -257, 0 = -5*g + 12*a - 10*a + 1253. What is the remainder when g is divided by q(1)?
33
Let u = -15 - -26. Suppose -98 = -302*k + 288*k. Calculate the remainder when u is divided by k.
4
Let f(r) = -2*r**3 + 49*r**2 + 32*r - 89. Calculate the remainder when 268 is divided by f(25).
10
What is the remainder when 9475/125 - 8/10 is divided by 11?
9
Suppose -n + 112 = 5*a, 0*n + 2*n - 86 = -4*a. What is the remainder when 66 is divided by a?
20
Let j = 2795 + -2257. Calculate the remainder when j is divided by 12.
10
Suppose -4*n - 5*h + 13 = 0, -h = -3*n + 3*h + 2. Suppose 0 = -4*z - 2*y + 50, -z = 6*y - n*y - 30. What is the remainder when 19 is divided by (z/25)/(4/110)?
8
Let r(y) = -y**3 - 5*y**2 + 4*y + 26. What is the remainder when r(-8) is divided by 16?
10
Let l(t) = -3*t - 12. Let v be l(-7). Suppose v = c - 5. Suppose 12*z = c*z - 24. What is the remainder when z is divided by 5?
2
Let k = 17 + 10. Let o = -1922 - -1974. What is the remainder when o is divided by k?
25
Let i(s) = -4*s**3 - 31*s**2 - 11*s + 14. What is the remainder when i(-10) is divided by 41?
40
Let m be (-2)/(-4) + (-7)/2. Let i = 2 - m. Suppose -122 = -i*p - 17. Calculate the remainder when p is divided by 8.
5
Let c be ((-21)/(-4))/(6/32). Let f = -42 + c. What is the remainder when 18 is divided by f/(-6)*(9 - 6)?
4
Suppose -4*n + 47 = 3*i, 17 = 5*i + 2*n - 38. Let v = -20 - 40. Let d = v + 64. What is the remainder when i is divided by d?
1
Suppose 0 = -863*b + 857*b + 66. Let a = 38 - 19. Let t = a + -12. What is the remainder when b is divided by t?
4
Suppose -8*g + 12 + 4 = 0. Let i = 275 - 459. What is the remainder when 43 is divided by (i/(-24))/(g/6)?
20
Let w(b) = b**3 + 7*b**2 + 7*b + 5. Let m be w(-6). What is the remainder when 0 - (-23 + 0 + m) is divided by 12 + -1 + 2*-1?
6
Let w(j) = j**3 + 5*j**2 + 0 + 3 - j - 3 + 3. Let y be w(-5). Suppose 3*c - y*c + 95 = 0. What is the remainder when 36 is divided by c?
17
Let t(j) = -12*j + 177. What is the remainder when t(8) is divided by (28/(-5))/((-3)/15)?
25
Let v be 1/(-1*2/54). Suppose 4*s = -19 - 29. Let w = s - v. What is the remainder when 28 is divided by w?
13
Let k(t) = 18*t**3 - t**2 + 2*t - 1. Suppose -5 = 2*x - 3. Calculate the remainder when ((-28)/3)/(52/60 + x) is divided by k(1).
16
Let w be 0 + ((-5)/(-15) - 17/(-3)). Let v = 36 - 21. Suppose -w*p + 7*p - v = 0. Calculate the remainder when 28 is divided by p.
13
Suppose 2*r - 269 = -n + 10, 2*n = 2. What is the remainder when r is divided by 75?
64
Suppose 960 = -1608*f + 1620*f. Calculate the remainder when 176 is divided by f.
16
Let c = -3 + -10. Let i = c - 2. What is the remainder when -3*8/i*20 is divided by 11?
10
Suppose 3*j + 5*c = 165, 2*j + 2*c - 100 = 10. Calculate the remainder when 219 is divided by j.
54
Let v(d) = -10*d**3 - 4*d**2 + 8*d + 10. What is the remainder when 188 is divided by v(-1)?
4
Let n = -32 + 40. Suppose -27 = 5*p - n*p. What is the remainder when p is divided by 6?
3
Let a(n) = n**2 + 8*n - 3. Let d be a(-7). Let u be (-8)/5*(-25)/d. Calculate the remainder when 13 is divided by (1/u)/((-4)/112).
6
Let g(b) = 2*b**2 - 19*b - 114. What is the remainder when 109 is divided by g(-5)?
16
Suppose 1127 = 10*t + 197. What is the remainder when 928 is divided by t?
91
Let s = -13 - -4. Let u(z) = z**2 + 7*z - 14. Let k be u(s). Suppose -k*w - 36 = -5*t, -2*t + w = 2 - 14. Calculate the remainder when 23 is divided b